{"id":572,"date":"2010-08-13T11:43:38","date_gmt":"2010-08-13T09:43:38","guid":{"rendered":"http:\/\/lebonheurdeshotes.fr\/WordPress\/?page_id=42"},"modified":"2018-02-13T00:39:42","modified_gmt":"2018-02-12T23:39:42","slug":"mentions-legales","status":"publish","type":"page","link":"https:\/\/lebonheurdacote.fr\/index.php\/mentions-legales\/","title":{"rendered":"Mentions l\u00e9gales"},"content":{"rendered":"<p><!-- @page { margin: 2cm } P { margin-bottom: 0.21cm } H1 { margin-bottom: 0.21cm } H1.western { font-family: \"Times New Roman\", serif } H1.cjk { font-family: \"Arial Unicode MS\" } H1.ctl { font-family: \"Tahoma\" } H2 { margin-bottom: 0.21cm } A:link { so-language: zxx } --><!-- @page { margin: 2cm } P { margin-bottom: 0.21cm } H1 { margin-bottom: 0.21cm } H1.western { font-family: \"Times New Roman\", serif } H1.cjk { font-family: \"Arial Unicode MS\" } H1.ctl { font-family: \"Tahoma\" } --><\/p>\n<h1><span style=\"text-decoration: underline;\"><span style=\"font-size: medium;\">Mentions l\u00e9gales du site \u00ab&nbsp;leBonheurdaCote \u00bb<\/span><\/span><\/h1>\n<h4>Copyright<\/h4>\n<p>La loi fran\u00e7aise du 11 mars 1957 n&rsquo;autorise, aux termes des alin\u00e9as 2 et 3 de l&rsquo;article 41, d&rsquo;une part, que les \u00ab\u00a0copies ou reproductions strictement r\u00e9serv\u00e9es \u00e0 l&rsquo;usage priv\u00e9 du copiste et non destin\u00e9es \u00e0 une utilisation collective\u00a0\u00bb et, d&rsquo;autre part, que les analyses et les courtes citations dans un but d&rsquo;exemple et d&rsquo;illustration (\u00ab\u00a0toute repr\u00e9sentation ou reproduction int\u00e9grale, ou partielle, faite sans le consentement de l&rsquo;auteur ou de ses ayants droit ou ayants cause, est illicite\u00a0\u00bb &#8211; alin\u00e9a 1er de l&rsquo;article 40).<\/p>\n<p>Toute repr\u00e9sentation ou reproduction abusive du site <b>LeBonheurdaCote<\/b>, par quelque proc\u00e9dure que ce soit, constituerait donc une contrefa\u00e7on sanctionn\u00e9e par les articles 425 et suivants du Code p\u00e9nal. Les textes mis en ligne sur le site <strong><strong>LeBonheurdaCote<\/strong><\/strong>, sauf mentions particuli\u00e8res, sont la propri\u00e9t\u00e9 intellectuelle et l\u00e9gale de son auteur. Sauf accord express, le site <strong><strong>LeBonheurdaCote<\/strong><\/strong>&nbsp;n&rsquo;autorise que la reproduction du titre des articles produits et non du texte qui l&rsquo;accompagne (r\u00e9sum\u00e9 du sommaire ou d\u00e9but de l&rsquo;article) avec un lien direct sur le site de <strong><strong>LeBonheurdaCote<\/strong><\/strong>&nbsp;(<a href=\"http:\/\/lebonheurdacote.fr\">http:\/\/lebonheurdacote.fr<\/a>). Dans tous les cas, ces textes originaux ne peuvent \u00eatre cit\u00e9s qu&rsquo;\u00e0 condition de pr\u00e9venir l&rsquo;auteur en remplissant <a href=\"http:\/\/lebonheurdacote.fr\/index.php\/contact-2\/\">le formulaire adequat.<\/a><\/p>\n<p>Les liens pr\u00e9sents sur ce site peuvent orienter l&rsquo;utilisateur sur des sites ext\u00e9rieurs dont le contenu ne peut en aucune mani\u00e8re engager la responsabilit\u00e9 de la r\u00e9daction du site <strong>LeBonheurdaCote<\/strong>.<\/p>\n<p>Enfin, toutes les marques cit\u00e9es appartiennent \u00e0 leurs auteurs respectifs, en particulier la marque Google.<\/p>\n<h4>Cr\u00e9dits<\/h4>\n<p>Design graphique et int\u00e9gration : <a href=\"http:\/\/www.ciid45.com\/\" name=\"Benoit Cabarat\">Benoit Cabarat &#8211; CIID<\/a> .<\/p>\n<p>D\u00e9velopp\u00e9 \u00e0 l&rsquo;aide de <a href=\"http:\/\/wordpress.org\/\">WordPress<\/a> (et <a href=\"http:\/\/www.wordpress-fr.net\/\">support FR<\/a>).<\/p>\n<h4>Mentions l\u00e9gales<\/h4>\n<p>Le site <a href=\"http:\/\/lebonheurdacote.fr\" target=\"_blank\" rel=\"noopener\">LeBonheurdaCote<\/a> est \u00e9dit\u00e9 par<\/p>\n<p><strong>Ang\u00e9line Mornay<\/strong> (Le Bonheur d&rsquo;\u00e0 C\u00f4t\u00e9),<br \/>\n28 Route Nationale de Fleury&nbsp;41500 SUEVRES<\/p>\n<p>Responsable de la Publication : Ang\u00e9line Mornay<br \/>\nT\u00e9l\u00e9phone : +33(0)6 66 94 11 62<br \/>\nEmail&nbsp;: lebonheurdacote &nbsp;<span style=\"color: #0000ff;\">arobase<\/span> <span style=\"color: #000000;\">gmail<\/span> <span style=\"color: #0000ff;\">point<\/span> com ou par <a href=\"http:\/\/lebonheurdacote.fr\/index.php\/contact-2\/\">formulaire<\/a><br \/>\nH\u00e9bergement : <strong>OVH<\/strong><br \/>\nSAS au capital de 5 000 000 \u20ac RCS Roubaix \u2013 Tourcoing 424 761 419 00045<br \/>\nCode APE 6202A &#8211; N\u00b0 TVA : FR 22 424 761 419<br \/>\nSi\u00e8ge social : 2 rue Kellermann 59100 Roubaix &#8211; France.<\/p>\n<p>Conform\u00e9ment \u00e0 la loi Informatique et Libert\u00e9s en date du 6 janvier 1978, vous disposez d&rsquo;un droit d&rsquo;acc\u00e8s, de rectification, de modification et de suppression concernant les donn\u00e9es qui vous concernent. Vous pouvez exercer ce droit en envoyant un courrier \u00e0 l&rsquo;adresse suivante : <strong><em><br \/>\nAng\u00e9line Mornay : 30, Route Nationale de Fleury 41500 SUEVRES<\/em><\/strong><\/p>\n","protected":false},"excerpt":{"rendered":"<p>Mentions l\u00e9gales du site \u00ab&nbsp;leBonheurdaCote \u00bb Copyright La loi fran\u00e7aise du 11 mars 1957 n&rsquo;autorise, aux termes des alin\u00e9as 2 et 3 de l&rsquo;article 41, d&rsquo;une part, que les \u00ab\u00a0copies ou reproductions strictement r\u00e9serv\u00e9es \u00e0 l&rsquo;usage priv\u00e9 du copiste et non destin\u00e9es \u00e0 une utilisation collective\u00a0\u00bb et, d&rsquo;autre part, que<\/p>\n","protected":false},"author":1,"featured_media":0,"parent":0,"menu_order":9,"comment_status":"closed","ping_status":"closed","template":"","meta":{"ngg_post_thumbnail":0},"_links":{"self":[{"href":"https:\/\/lebonheurdacote.fr\/index.php\/wp-json\/wp\/v2\/pages\/572"}],"collection":[{"href":"https:\/\/lebonheurdacote.fr\/index.php\/wp-json\/wp\/v2\/pages"}],"about":[{"href":"https:\/\/lebonheurdacote.fr\/index.php\/wp-json\/wp\/v2\/types\/page"}],"author":[{"embeddable":true,"href":"https:\/\/lebonheurdacote.fr\/index.php\/wp-json\/wp\/v2\/users\/1"}],"replies":[{"embeddable":true,"href":"https:\/\/lebonheurdacote.fr\/index.php\/wp-json\/wp\/v2\/comments?post=572"}],"version-history":[{"count":5,"href":"https:\/\/lebonheurdacote.fr\/index.php\/wp-json\/wp\/v2\/pages\/572\/revisions"}],"predecessor-version":[{"id":663,"href":"https:\/\/lebonheurdacote.fr\/index.php\/wp-json\/wp\/v2\/pages\/572\/revisions\/663"}],"wp:attachment":[{"href":"https:\/\/lebonheurdacote.fr\/index.php\/wp-json\/wp\/v2\/media?parent=572"}],"curies":[{"name":"wp","href":"https:\/\/api.w.org\/{rel}","templated":true}]}}